{"id":39,"date":"2026-03-18T08:24:37","date_gmt":"2026-03-18T08:24:37","guid":{"rendered":"https:\/\/zirnexo.blog\/?page_id=39"},"modified":"2026-03-18T09:39:01","modified_gmt":"2026-03-18T09:39:01","slug":"wettelijke-identificatie","status":"publish","type":"page","link":"https:\/\/zirnexo.blog\/?page_id=39","title":{"rendered":"Rechtsausweis"},"content":{"rendered":"\n\n<p>Diese Seite enth\u00e4lt die erforderlichen rechtlichen Informationen f\u00fcr den Betrieb von <strong>zirnexo<\/strong> innerhalb der deutschen Gerichtsbarkeit. Camron Paul Colbert gew\u00e4hrleistet die Einhaltung aller steuerlichen und gesch\u00e4ftlichen Vorschriften vom Standort in Aschaffenburg aus. Dieses Dokument dient als offizielle Quelle zur Verifizierung der Unternehmensidentit\u00e4t.<\/p>\n\n\n\n\n<p><strong>IDENTIFIKATIONSDATEN DER ENTIT\u00c4T<\/strong><\/p>\n\n\n\n\n<figure class=\"wp-block-table\"><table class=\"has-fixed-layout\"><thead><tr><td><strong>Merkmal<\/strong><\/td><td><strong>Information<\/strong><\/td><\/tr><\/thead><tbody><tr><td><strong>Projektname<\/strong><\/td><td>zirnexo<\/td><\/tr><tr><td><strong>Inhaber<\/strong><\/td><td>Camron Paul Colbert<\/td><\/tr><tr><td><strong>Hauptsitz<\/strong><\/td><td>Schneidm\u00fchlweg 58, 63741 Aschaffenburg, Deutschland<\/td><\/tr><tr><td><strong>USt-Nummer<\/strong><\/td><td>DE403959466<\/td><\/tr><tr><td><strong>Kommunikationsschnittstelle<\/strong><\/td><td>support@zirnexo.blog<\/td><\/tr><\/tbody><\/table><\/figure>\n\n\n\n\n<p><em>Rechtlicher Hinweis: Die Inhalte dieser Plattform sind urheberrechtlich gesch\u00fctzt. Eine unbefugte Vervielf\u00e4ltigung textlicher oder technischer Elemente ist streng untersagt.<\/em><\/p>\n\n","protected":false},"excerpt":{"rendered":"<p>Diese Seite enth\u00e4lt die erforderlichen rechtlichen Informationen f\u00fcr den Betrieb von zirnexo innerhalb der deutschen Gerichtsbarkeit. Camron Paul Colbert gew\u00e4hrleistet die Einhaltung aller steuerlichen und gesch\u00e4ftlichen Vorschriften vom Standort in Aschaffenburg aus. Dieses Dokument dient als offizielle Quelle zur Verifizierung der Unternehmensidentit\u00e4t. IDENTIFIKATIONSDATEN DER ENTIT\u00c4T Merkmal Information Projektname zirnexo Inhaber Camron Paul Colbert Hauptsitz Schneidm\u00fchlweg [&hellip;]<\/p>\n","protected":false},"author":1,"featured_media":0,"parent":0,"menu_order":6,"comment_status":"closed","ping_status":"closed","template":"","meta":{"footnotes":""},"class_list":["post-39","page","type-page","status-publish","hentry"],"_links":{"self":[{"href":"https:\/\/zirnexo.blog\/index.php?rest_route=\/wp\/v2\/pages\/39","targetHints":{"allow":["GET"]}}],"collection":[{"href":"https:\/\/zirnexo.blog\/index.php?rest_route=\/wp\/v2\/pages"}],"about":[{"href":"https:\/\/zirnexo.blog\/index.php?rest_route=\/wp\/v2\/types\/page"}],"author":[{"embeddable":true,"href":"https:\/\/zirnexo.blog\/index.php?rest_route=\/wp\/v2\/users\/1"}],"replies":[{"embeddable":true,"href":"https:\/\/zirnexo.blog\/index.php?rest_route=%2Fwp%2Fv2%2Fcomments&post=39"}],"version-history":[{"count":3,"href":"https:\/\/zirnexo.blog\/index.php?rest_route=\/wp\/v2\/pages\/39\/revisions"}],"predecessor-version":[{"id":63,"href":"https:\/\/zirnexo.blog\/index.php?rest_route=\/wp\/v2\/pages\/39\/revisions\/63"}],"wp:attachment":[{"href":"https:\/\/zirnexo.blog\/index.php?rest_route=%2Fwp%2Fv2%2Fmedia&parent=39"}],"curies":[{"name":"wp","href":"https:\/\/api.w.org\/{rel}","templated":true}]}}